True
Does 19 divide 21641?
True
Is 48 a factor of 1680480?
True
Does 20 divide 74850?
False
Is 24 a factor of 66380?
False
Does 96 divide 75168?
True
Is 8933364 a multiple of 187?
True
Is 42 a factor of 181253?
False
Is 143 a factor of 447447?
True
Is 26 a factor of 37302538?
True
Is 63664 even?
True
Is 109516 a multiple of 131?
True
Is 43 a factor of 1151153?
True
Does 815 divide 2985495?
False
Does 19 divide 63720?
False
Is 18 a factor of 118206?
True
Does 8 divide 60447?
False
Is 106063 a multiple of 8?
False
Is 39 a factor of 657339?
False
Is 294292 a multiple of 43?
True
Is 30893 a multiple of 7?
False
Does 56 divide 776440?
True
Is 20252 a multiple of 124?
False
Is 148 a factor of 124742?
False
Does 10 divide 603420?
True
Is 13 a factor of 455700?
False
Is 7 a factor of 239214?
False
Does 284 divide 3856152?
True
Is 181 a factor of 16284563?
False
Is 2 a factor of 5229?
False
Is 80 a factor of 4589152?
False
Is 94 a factor of 425538?
True
Is 661374 a multiple of 42?
True
Does 20 divide 1150460?
True
Is 1072566 a multiple of 286?
False
Is 305 a factor of 284870?
True
Does 18 divide 11214?
True
Does 7 divide 147440?
False
Does 7 divide 8013295?
False
Is 644474 a multiple of 97?
False
Is 2687832 a multiple of 126?
True
Is 8 a factor of 1749368?
True
Is 39 a factor of 4798379?
False
Is 106 a factor of 1228010?
True
Is 206648 a multiple of 7?
False
Does 589 divide 458242?
True
Does 7 divide 163688?
True
Is 3355149 a multiple of 18?
False
Does 10 divide 2525261?
False
Is 530881 a multiple of 13?
True
Is 90967 a multiple of 17?
True
Is 889 a factor of 557361?
False
Is 13560848 a multiple of 34?
False
Is 779 a factor of 1089042?
True
Is 278572 a multiple of 28?
True
Is 17 a factor of 1206422?
True
Is 1051036 a multiple of 11?
False
Is 12 a factor of 203016?
True
Is 89 a factor of 663?
False
Is 211072 a multiple of 8?
True
Is 67 a factor of 33640?
False
Is 1496982 a multiple of 7?
False
Is 29 a factor of 132242?
False
Is 6 a factor of 15471379?
False
Does 2 divide 4648125?
False
Is 544746 a multiple of 301?
False
Is 99 a factor of 807840?
True
Is 14259518 a multiple of 658?
True
Is 69 a factor of 8181813?
True
Is 530 a factor of 5433759?
False
Is 166586 a multiple of 7?
True
Does 31 divide 1631097?
False
Does 49 divide 424109?
False
Does 17 divide 50290?
False
Does 18 divide 27720?
True
Is 643 a factor of 2033166?
True
Is 6 a factor of 14752690?
False
Is 81 a factor of 3541799?
False
Is 64 a factor of 297514?
False
Is 1427400 a multiple of 39?
True
Is 28 a factor of 29960?
True
Is 72027 a multiple of 6?
False
Does 232 divide 9512?
True
Does 450 divide 2317950?
True
Does 129 divide 760584?
True
Is 23410 a multiple of 46?
False
Does 4 divide 11092194?
False
Is 4 a factor of 118680?
True
Is 5632523 a multiple of 64?
False
Does 28 divide 386176?
True
Is 835648 a multiple of 704?
True
Does 49 divide 756511?
True
Does 75 divide 423371?
False
Is 98057 a multiple of 16?
False
Is 482576 a multiple of 65?
False
Does 21 divide 1825026?
True
Is 69 a factor of 717226?
False
Is 517489 a multiple of 179?
True
Is 4 a factor of 9286123?
False
Does 17 divide 3814569?
False
Is 394824 a multiple of 6?
True
Is 365165 a multiple of 60?
False
Is 11 a factor of 865656?
True
Does 739 divide 11359181?
False
Is 5 a factor of 765385?
True
Is 45904 a multiple of 76?
True
Is 450 a factor of 647550?
True
Does 199 divide 120257?
False
Does 876 divide 5451468?
False
Does 13 divide 1953785?
False
Is 1405772 a multiple of 84?
False
Is 399798 a multiple of 167?
True
Is 236 a factor of 7261484?
True
Is 31948 a multiple of 3?
False
Is 15 a factor of 195855?
True
Does 18 divide 119988?
True
Is 45 a factor of 3074625?
True
Is 52 a factor of 11281556?
True
Does 72 divide 142128?
True
Is 143 a factor of 5434?
True
Is 22 a factor of 265386?
True
Is 16 a factor of 333746?
False
Does 9 divide 22971?
False
Is 151 a factor of 1617210?
True
Does 20 divide 1244860?
True
Is 5186734 a multiple of 238?
True
Is 86 a factor of 204680?
True
Is 85 a factor of 217177?
False
Is 377 a factor of 2390180?
True
Does 91 divide 78344?
False
Is 110094 a multiple of 354?
True
Is 365 a factor of 134264?
False
Is 20390 a multiple of 5?
True
Is 1716899 a multiple of 502?
False
Is 40456 even?
True
Is 3685491 a multiple of 1301?
False
Is 128053 a multiple of 10?
False
Is 1942498 a multiple of 217?
False
Does 86 divide 545564?
False
Is 1107768 a multiple of 13?
False
Is 1641210 a multiple of 4?
False
Is 648959 a multiple of 113?
True
Is 7 a factor of 138952?
False
Is 9 a factor of 14404347?
True
Is 22 a factor of 28116?
True
Is 143 a factor of 5351616?
False
Is 223074 a multiple of 486?
True
Is 5216387 a multiple of 49?
False
Does 10 divide 2874099?
False
Is 12980142 a multiple of 21?
True
Is 28408122 a multiple of 2193?
True
Is 4 a factor of 5135061?
False
Is 630 a factor of 462420?
True
Is 15 a factor of 2097479?
False
Is 16 a factor of 9296?
True
Is 47 a factor of 5101122?
False
Does 30 divide 315240?
True
Is 30 a factor of 4944262?
False
Does 189 divide 74277?
True
Is 32 a factor of 78208?
True
Is 29907 a multiple of 664?
False
Does 265 divide 230550?
True
Is 661854 a multiple of 141?
True
Is 4 a factor of 298991?
False
Does 584 divide 1073976?
True
Is 6 a factor of 36798?
True
Is 3234670 a multiple of 35?
False
Does 14 divide 785904?
True
Does 19 divide 840009?
True
Is 174744 a multiple of 24?
True
Is 152760 a multiple of 114?
True
Is 350 a factor of 216319?
False
Does 236 divide 65136?
True
Is 4770288 a multiple of 144?
True
Is 907682 a multiple of 15?
False
Does 53 divide 4054235?
True
Does 985 divide 4048711?
False
Is 240 a factor of 413760?
True
Does 121 divide 1672462?
True
Is 1153988 a multiple of 45?
False
Does 139 divide 810997?
False
Is 1710 a multiple of 38?
True
Is 263 a factor of 23933?
True
Is 279627 a multiple of 178?
False
Is 6078516 a multiple of 12?
True
Is 578970 a multiple of 90?
True
Is 58142 a multiple of 62?
False
Does 192 divide 3840?
True
Does 7 divide 351610?
True
Does 2 divide 32809?
False
Does 17 divide 222904?
True
Is 88446 a multiple of 153?
False
Is 153 a factor of 82773?
True
Is 1010605 a multiple of 940?
False
Does 20 divide 3962200?
True
Is 184286 a multiple of 424?
False
Is 366 a factor of 2757810?
True
Is 2252774 a multiple of 49?
False
Is 2 a factor of 294206?
True
Is 3 a factor of 753?
True
Does 328 divide 1104973?
False
Does 48 divide 169021?
False
Does 19 divide 826758?
False
Is 53 a factor of 91668?
False
Does 242 divide 34428?
False
Is 17632435 a multiple of 13?
False
Is 110865 a multiple of 8?
False
Is 36385 a multiple of 77?
False
Is 2520860 a multiple of 97?
False
Is 46089 a multiple of 9?
True
Is 16395 a multiple of 3?
True
Does 143 divide 1529611?
False
Is 400 a factor of 1124800?
True
Is 95532 a multiple of 228?
True
Is 6 a factor of 5655?
False
Is 74 a factor of 843541?
False
Is 1305378 a multiple of 3?
True
Is 83 a factor of 2032428?
False
Does 26 divide 107545?
False
Is 231000 a multiple of 770?
True
Is 1126663 a multiple of 216?
False
Is 144 a factor of 6010704?
True
Is 4192353 a multiple of 216?
False
Does 67 divide 4669230?
True
Is 12 a factor of 66881?
False
Is 58447 even?
False
Is 3 a factor of 4533036?
True
Does 512 divide 3308618?
False
Is 13 a factor of 491690?
False
Does 436 divide 316972?
True
Is 393 a factor of 90163?
False
Is 3575060 a multiple of 517?
False
Is 3328688 a multiple of 946?
False
Does 13 divide 1357044?
True
Does 32 divide 29024?
True
Is 31 a factor of 323490?
False
Is 166376 a multiple of 7?
True
Does 13 divide 17416?
False
Does 275 divide 812760?
False
Does 67 divide 3919165?
True
Is 4 a factor of 480126?
False
Does 13 divide 169162?
False
Is 21406 a multiple of 7?
True
Does 50 divide 27950?
True
Does 21 divide 2718282?
True
Does 16 divide 13280?
True
Is 2 a factor of 5183?
False
Is 138561 a multiple of 86?
False
Does 66 divide 44154?
True
Is 103 a factor of 35947?
True
Does 143 divide 1584726?
True
Is 16 a factor of 45840?
True
Is 167 a factor of 159826?
False
Is 5 a factor of 28037?
False
Is 130 a factor of 131300?
True
Is 10 a factor of 13859819?
False
Is 98130 a multiple of 3?
True
Does 8 divide 57713?
False
Is 12596 a multiple of 60?
False
Is 808228 a multiple of 148?
True
Does 24 divide 16224?
True
Is 4734000 a multiple of 7